 o**2 + 6*o - 6. Determine n(-9).
21
Let j(g) = -2*g + 1. Give j(-1).
3
Let p(z) = -8*z - 22. Calculate p(-6).
26
Let a(w) = -5*w**2 + 3. Calculate a(3).
-42
Let v(q) = -2*q**2 - 11*q - 8. Give v(-4).
4
Let w(r) = -r**2 + 1. Calculate w(-5).
-24
Let k(l) = 11*l + 418. Give k(-38).
0
Let y(z) = z**2 + 11*z - 23. Give y(-13).
3
Let j(u) = u**3 - 6*u**2 - 8*u. What is j(7)?
-7
Let f(d) = -d**2 - 8*d - 10. What is f(-7)?
-3
Let o(y) = y**2 - 6*y + 7. Give o(5).
2
Let w(n) = -8*n + 3. Calculate w(-1).
11
Let f(t) = 2*t**2 + 11*t - 7. Calculate f(-6).
-1
Let h(i) = 2*i + 11. Calculate h(9).
29
Let c(r) = 2*r - 25. Determine c(11).
-3
Let t(d) = 3*d**3 - 4*d + 3. What is t(1)?
2
Let g(q) = q**3 - 27*q**2 - 55*q - 101. Give g(29).
-14
Let v(l) = l**3 - 8*l**2 + 14*l + 7. Determine v(4).
-1
Let y(f) = 2*f - 16. Give y(-6).
-28
Let d(i) = 2*i**3 + 24*i**2 + 20*i - 26. Calculate d(-11).
-4
Let n(h) = -2*h - 11. Calculate n(-12).
13
Let h(v) = 9*v - 60. Determine h(8).
12
Let k(s) = -s - 7. Determine k(-4).
-3
Let u(w) = -11*w + 2. Determine u(1).
-9
Let g(n) = 2*n**2 - 17*n - 14. Calculate g(6).
-44
Let k(b) = -2*b + 6. Give k(5).
-4
Let a(p) = p**2 - 7*p - 12. Calculate a(-4).
32
Let w(x) = -x**3 + 14*x**2 - 5*x - 4. What is w(14)?
-74
Let w(j) = -j**2 - j + 1. Give w(6).
-41
Let t(r) = -5*r + 41. Determine t(7).
6
Let o(r) = r**2 + 10*r - 2. Determine o(-10).
-2
Let n(d) = 2*d**3 - 114*d**2 + d - 53. Give n(57).
4
Let i(q) = -18*q**2 - 12*q. Give i(-1).
-6
Let t(j) = -12*j - 11. Calculate t(-1).
1
Let q(c) = c**3 - 11*c**2 - 8*c - 28. Determine q(12).
20
Let u(q) = 5*q**3 + 2*q**2 - 2*q - 1. What is u(2)?
43
Let h(w) = 5*w - 49. What is h(15)?
26
Let t(z) = -5*z + 23. Calculate t(6).
-7
Let d(k) = -12*k + 4. Give d(-1).
16
Let x(c) = -6*c**3 - 9*c + 10. Calculate x(1).
-5
Let r(j) = 2*j**2 - 13*j. What is r(6)?
-6
Let i(z) = 3*z**2 - 10*z + 8. Calculate i(4).
16
Let t(u) = -28*u - 138. Calculate t(-5).
2
Let y(x) = -2*x - 7. Give y(4).
-15
Let w(u) = u**3 + 11*u**2 + 2*u - 3. Calculate w(-11).
-25
Let q(f) = -12*f - 103. What is q(-8)?
-7
Let n(s) = 2*s - 23. Calculate n(14).
5
Let h(b) = -b**3 - 2*b**2 + 4*b - 5. What is h(-3)?
-8
Let x(j) = 21*j + 23. What is x(-1)?
2
Let g(n) = 2*n**3 - 26*n**2 + 32*n - 24. Determine g(12).
72
Let t(g) = -g**2 + 2*g - 11. Calculate t(6).
-35
Let w(y) = 154*y - 1547. What is w(10)?
-7
Let s(i) = 6*i - 61. What is s(2)?
-49
Let r(b) = -5*b**2 + 5. Calculate r(4).
-75
Let d(h) = h**2 + 5*h - 4. What is d(-5)?
-4
Let i(h) = -h**3 + 27*h**2 - 31*h + 115. Give i(26).
-15
Let o(h) = -h**2 + 5*h + 28. Determine o(-3).
4
Let q(t) = 9*t - 17. Determine q(4).
19
Let w(f) = -f**3 + 8*f**2 + 11*f - 18. Calculate w(8).
70
Let w(t) = -2*t**2 - 6*t + 2. Determine w(-5).
-18
Let t(u) = u**3 + 5*u**2 - 4*u + 10. Determine t(-6).
-2
Let t(v) = -3*v**2 - 20*v - 4. Give t(-7).
-11
Let d(j) = -4*j**2 - 9*j - 7. What is d(-6)?
-97
Let a(o) = o**3 + 7*o**2 + 8*o - 5. Give a(-6).
-17
Let g(l) = l**3 - l**2 - 2*l + 1. Determine g(2).
1
Let v(g) = -11*g - 49. What is v(-9)?
50
Let g(b) = -b**2 - 6*b - 4. What is g(-3)?
5
Let m(r) = -4*r - 11. Calculate m(-6).
13
Let r(u) = u**3 + 5*u**2 + 3*u - 9. Calculate r(-4).
-5
Let c(q) = -q**2 + 3*q + 5. Calculate c(0).
5
Let k(o) = -o**2 + 45*o - 92. Give k(43).
-6
Let q(x) = -2*x**2 + 4*x + 11. Give q(0).
11
Let o(f) = -3*f - 11. Calculate o(8).
-35
Let s(c) = -c**2 + c + 21. Calculate s(-7).
-35
Let y(f) = -8*f - 13. Give y(-7).
43
Let p(j) = -j**2 - 26*j - 184. Give p(-13).
-15
Let h(b) = 10*b + 1. What is h(-2)?
-19
Let x(i) = 6*i - 206. Calculate x(35).
4
Let k(l) = 6*l**2 + 11*l - 3. Give k(-3).
18
Let h(t) = 4*t**2 + 1. Determine h(-1).
5
Let i(a) = -a + 6. Give i(0).
6
Let w(z) = 4*z - 99. Calculate w(24).
-3
Let x(h) = 18*h**2 - 5*h - 3. Give x(-1).
20
Let u(c) = -c**3 - c**2 - c - 20. Determine u(0).
-20
Let l(o) = -o**3 + 7*o**2 + 11. What is l(7)?
11
Let f(r) = -r**3 + 10*r**2 - 10*r + 40. Calculate f(10).
-60
Let l(v) = v**3 - 11*v**2 - 6. Give l(11).
-6
Let x(r) = -r - 14. What is x(12)?
-26
Let f(p) = p**2 + 3*p + 14. Calculate f(-5).
24
Let a(o) = -2*o**3 + o**2 + 4*o + 1. Determine a(3).
-32
Let u(q) = -2*q - 44. Calculate u(-26).
8
Let j(i) = i - 6. What is j(21)?
15
Let b(u) = -u**3 + 6*u**2 + 10*u - 5. Give b(7).
16
Let t(b) = -24*b**2 - 3*b + 7. Give t(2).
-95
Let a(p) = -7*p**2 + 2*p - 1. Give a(-2).
-33
Let d(k) = -k**3 + 6*k**2 - 2*k + 6. Give d(6).
-6
Let s(h) = -2*h + 6. Give s(-3).
12
Let t(a) = -124*a + 992. Give t(8).
0
Let p(v) = -v**3 - 16*v**2 - 20*v - 300. Calculate p(-16).
20
Let a(o) = 2*o**2 + 40*o - 248. What is a(5)?
2
Let q(g) = g**3 - 2*g - 4. Determine q(0).
-4
Let x(j) = -4*j - 48. Give x(-17).
20
Let g(n) = 34*n - 241. Give g(6).
-37
Let m(z) = -z**3 + 4*z**2 + 5. What is m(5)?
-20
Let f(k) = k**3 - 5*k**2 + 4*k - 1. What is f(2)?
-5
Let j(d) = -d**3 - 7*d**2 - 5*d. Determine j(-2).
-10
Let t(w) = w**3 - 5*w**2 - 8*w + 7. Determine t(6).
-5
Let l(a) = a**3 + 13*a**2 + 15*a - 6. Calculate l(-12).
-42
Let r(d) = -17*d + 2. Give r(1).
-15
Let f(q) = -q**2 + 13*q + 50. Determine f(16).
2
Let w(d) = d**3 + 59*d**2 + 56*d - 122. Give w(-58).
-6
Let o(j) = -j**3 + 6*j**2 - 3*j + 3. Give o(3).
21
Let q(u) = -u**2 + 38*u + 609. Give q(50).
9
Let v(i) = i**3 + 6*i**2 + 4*i + 1. Determine v(-4).
17
Let o(q) = 4*q**2 + 47*q - 16. Determine o(-12).
-4
Let s(c) = 48*c**3 - c**2 - c + 1. Give s(1).
47
Let h(l) = -l**3 + 4*l**2 + 3*l - 1. Give h(5).
-11
Let v(j) = 2*j**3 - 5*j**2 - 9*j - 4. Calculate v(4).
8
Let u(p) = -p**3 - 4*p**2 - 9*p - 7. Give u(-3).
11
Let f(y) = 11*y - 7. What is f(-5)?
-62
Let q(u) = -3*u**2. What is q(-1)?
-3
Let h(j) = -j**3 - 11*j**2 + 12*j - 12. Give h(-12).
-12
Let s(f) = f**3 - 15*f**2 - 22*f + 79. Determine s(16).
-17
Let u(x) = x**3 - 9*x**2 + 9*x - 21. Determine u(8).
-13
Let p(w) = w**3 + 41*w**2 + 43*w + 134. Give p(-40).
14
Let j(s) = 2*s**3 - s**2 + s - 3. What is j(0)?
-3
Let t(j) = -j**2 + 9*j - 8. Determine t(7).
6
Let i(r) = r**2 + 12*r + 13. Determine i(-9).
-14
Let g(m) = -4*m + 23. What is g(7)?
-5
Let l(c) = -2*c**3 + 67*c**2 - 33*c + 2. Give l(33).
2
Let n(z) = 14*z - 2. Give n(3).
40
Let a(i) = -19*i - 6. Give a(-2).
32
Let j(b) = 2*b + 75. Determine j(-25).
25
Let m(a) = -a**2 - 7*a - 2. What is m(-2)?
8
Let n(h) = 3*h**2 - h - 2. What is n(-3)?
28
Let d(y) = y**2 - 4*y + 2. Calculate d(2).
-2
Let v(m) = -m**3 + m**2 - 3*m - 7. Give v(0).
-7
Let c(z) = 3*z**2 - 36*z + 9. What is c(11)?
-24
Let i(f) = -2*f**3 + f**2 + 5*f + 2. Determine i(-3).
50
Let b(z) = 8*z**2 - 59*z - 4. Calculate b(7).
-25
Let q(s) = 10*s**3 - 10*s**2 + 10*s. What is q(1)?
10
Let v(u) = u**3 - 15*u**2 + 15*u - 8. Calculate v(14).
6
Let v(f) = -9*f - 5. What is v(-1)?
4
Let z(b) = -6*b**2 + 2*b. Give z(-1).
-8
Let v(x) = x**2 + 16*x + 27. Determine v(-14).
-1
Let a(m) = m - 6. Calculate a(12).
6
Let b(c) = c**3 + 5*c**2 + 6*c + 6. Give b(-4).
-2
Let q(x) = -x**3 - 16*x**2 - 12. Determine q(-16).
-12
Let k(j) = j - 22. Calculate k(13).
-9
Let o(d) = d**3 + 5*d**2 - 2*d + 2. What is o(-4)?
26
Let a(g) = -31*g + 3. What is a(-4)?
127
Let n(f) = -f**3 - 7*f**2 - 7*f + 7. Give n(-6).
13
Let s(a) = -a + 6. Calculate s(-11).
17
Let d(z) = -z**3 - 9*z**2 + z - 7. Calculate d(-5).
-112
Let j(s) = -s**3 + 11*s**2 - 26*s + 10. Calculate j(7).
24
Let b(i) = i**3 + 7*i**2 - 3*i - 10. Give b(-7).
11
Let c(v) = 3*v**2 - 2*v - 9. What is c(-2)?
7
Let i(d) = -2*d**2 + 33*d + 2. Determine i(17).
-15
Let x(r) = -12*r + 47. What is x(10)?
-73
Let a(u) = u**3 + 3*u**2 + u - 3. Determine a(-4).
-23
Let p(w) = 3*w**2 + w - 1. What is p(2)?
13
Let q(s) = s**3 - 3*s**2 - 11*s + 16. What is q(5)?
11
Let r(t) = -2*t + 17. Determine r(6).
5
Let q(r) = -3*r**2 - 9*r + 1. Determine q(-5).
-29
Let s(a) = -a**3 + 9*a**2 - 7*a - 16. Calculate s(8).
-8
Let w(h) = -h**3 - 15*h**2 - 2*h - 7. Calculate w(-15).
23
Let x(z) = z**2 - 10*z - 2. What is x(6)?
-26
Let q(f) = -f**3 - 12*f**2 + 13*f + 12. Calculate q(-13).
12
Let i(s) = 5*s**2 + s. Determine i(1).
6
Let d(m) = -2*m**2 - 16*m - 6. Give d(-8).
-6
Let s(v) = 7*v**2 - 2. Give s(2).
26
Let w(s) = -5*s - 1. What is w(-1)?
4
Let d(c) = 2*c + 29. What is d(0)?
29
Let x(r) = -r**3 + 3*r**2 + 7*r + 4. Give x(5).
-11
Let l(y) = -y**3 - 6*